{"id":2319,"date":"2022-09-29T16:19:35","date_gmt":"2020-08-25T19:45:50","guid":{"rendered":"https:\/\/tagderclubkultur.berlin\/panel-2\/"},"modified":"2022-09-29T16:22:11","modified_gmt":"2022-09-29T16:22:11","slug":"photography","status":"publish","type":"page","link":"https:\/\/2022.tagderclubkultur.berlin\/en\/photography\/","title":{"rendered":"TAG DER CLUBKULTUR Photography"},"content":{"rendered":"","protected":false},"excerpt":{"rendered":"","protected":false},"author":1,"featured_media":0,"parent":0,"menu_order":16,"comment_status":"closed","ping_status":"closed","template":"","meta":{"inline_featured_image":false},"class_list":["post-2319","page","type-page","status-publish","hentry"],"yoast_head":"<!-- This site is optimized with the Yoast SEO plugin v27.4 - https:\/\/yoast.com\/product\/yoast-seo-wordpress\/ -->\n<title>TAG DER CLUBKULTUR Photography - TAG DER CLUBKULTUR<\/title>\n<meta name=\"robots\" content=\"index, follow, max-snippet:-1, max-image-preview:large, max-video-preview:-1\" \/>\n<link rel=\"canonical\" href=\"https:\/\/2022.tagderclubkultur.berlin\/en\/photography\/\" \/>\n<meta property=\"og:locale\" content=\"de_DE\" \/>\n<meta property=\"og:type\" content=\"article\" \/>\n<meta property=\"og:title\" content=\"TAG DER CLUBKULTUR Photography - TAG DER CLUBKULTUR\" \/>\n<meta property=\"og:url\" content=\"https:\/\/2022.tagderclubkultur.berlin\/en\/photography\/\" \/>\n<meta property=\"og:site_name\" content=\"TAG DER CLUBKULTUR\" \/>\n<meta property=\"article:modified_time\" content=\"2022-09-29T16:22:11+00:00\" \/>\n<meta property=\"og:image\" content=\"https:\/\/2022.tagderclubkultur.berlin\/wp-content\/uploads\/sites\/20\/2021\/07\/210621_TDC_Banner_3-2.jpg\" \/>\n\t<meta property=\"og:image:width\" content=\"1200\" \/>\n\t<meta property=\"og:image:height\" content=\"675\" \/>\n\t<meta property=\"og:image:type\" content=\"image\/jpeg\" \/>\n<meta name=\"twitter:card\" content=\"summary_large_image\" \/>\n<script type=\"application\/ld+json\" class=\"yoast-schema-graph\">{\"@context\":\"https:\\\/\\\/schema.org\",\"@graph\":[{\"@type\":\"WebPage\",\"@id\":\"https:\\\/\\\/2022.tagderclubkultur.berlin\\\/en\\\/photography\\\/\",\"url\":\"https:\\\/\\\/2022.tagderclubkultur.berlin\\\/en\\\/photography\\\/\",\"name\":\"TAG DER CLUBKULTUR Photography - TAG DER CLUBKULTUR\",\"isPartOf\":{\"@id\":\"https:\\\/\\\/2022.tagderclubkultur.berlin\\\/en\\\/#website\"},\"datePublished\":\"2020-08-25T19:45:50+00:00\",\"dateModified\":\"2022-09-29T16:22:11+00:00\",\"breadcrumb\":{\"@id\":\"https:\\\/\\\/2022.tagderclubkultur.berlin\\\/en\\\/photography\\\/#breadcrumb\"},\"inLanguage\":\"de\",\"potentialAction\":[{\"@type\":\"ReadAction\",\"target\":[\"https:\\\/\\\/2022.tagderclubkultur.berlin\\\/en\\\/photography\\\/\"]}]},{\"@type\":\"BreadcrumbList\",\"@id\":\"https:\\\/\\\/2022.tagderclubkultur.berlin\\\/en\\\/photography\\\/#breadcrumb\",\"itemListElement\":[{\"@type\":\"ListItem\",\"position\":1,\"name\":\"Home\",\"item\":\"https:\\\/\\\/2022.tagderclubkultur.berlin\\\/en\\\/\"},{\"@type\":\"ListItem\",\"position\":2,\"name\":\"TAG DER CLUBKULTUR Photography\"}]},{\"@type\":\"WebSite\",\"@id\":\"https:\\\/\\\/2022.tagderclubkultur.berlin\\\/en\\\/#website\",\"url\":\"https:\\\/\\\/2022.tagderclubkultur.berlin\\\/en\\\/\",\"name\":\"TAG DER CLUBKULTUR\",\"description\":\"\",\"potentialAction\":[{\"@type\":\"SearchAction\",\"target\":{\"@type\":\"EntryPoint\",\"urlTemplate\":\"https:\\\/\\\/2022.tagderclubkultur.berlin\\\/en\\\/?s={search_term_string}\"},\"query-input\":{\"@type\":\"PropertyValueSpecification\",\"valueRequired\":true,\"valueName\":\"search_term_string\"}}],\"inLanguage\":\"de\"}]}<\/script>\n<!-- \/ Yoast SEO plugin. -->","yoast_head_json":{"title":"TAG DER CLUBKULTUR Photography - TAG DER CLUBKULTUR","robots":{"index":"index","follow":"follow","max-snippet":"max-snippet:-1","max-image-preview":"max-image-preview:large","max-video-preview":"max-video-preview:-1"},"canonical":"https:\/\/2022.tagderclubkultur.berlin\/en\/photography\/","og_locale":"de_DE","og_type":"article","og_title":"TAG DER CLUBKULTUR Photography - TAG DER CLUBKULTUR","og_url":"https:\/\/2022.tagderclubkultur.berlin\/en\/photography\/","og_site_name":"TAG DER CLUBKULTUR","article_modified_time":"2022-09-29T16:22:11+00:00","og_image":[{"width":1200,"height":675,"url":"https:\/\/2022.tagderclubkultur.berlin\/wp-content\/uploads\/sites\/20\/2021\/07\/210621_TDC_Banner_3-2.jpg","type":"image\/jpeg"}],"twitter_card":"summary_large_image","schema":{"@context":"https:\/\/schema.org","@graph":[{"@type":"WebPage","@id":"https:\/\/2022.tagderclubkultur.berlin\/en\/photography\/","url":"https:\/\/2022.tagderclubkultur.berlin\/en\/photography\/","name":"TAG DER CLUBKULTUR Photography - TAG DER CLUBKULTUR","isPartOf":{"@id":"https:\/\/2022.tagderclubkultur.berlin\/en\/#website"},"datePublished":"2020-08-25T19:45:50+00:00","dateModified":"2022-09-29T16:22:11+00:00","breadcrumb":{"@id":"https:\/\/2022.tagderclubkultur.berlin\/en\/photography\/#breadcrumb"},"inLanguage":"de","potentialAction":[{"@type":"ReadAction","target":["https:\/\/2022.tagderclubkultur.berlin\/en\/photography\/"]}]},{"@type":"BreadcrumbList","@id":"https:\/\/2022.tagderclubkultur.berlin\/en\/photography\/#breadcrumb","itemListElement":[{"@type":"ListItem","position":1,"name":"Home","item":"https:\/\/2022.tagderclubkultur.berlin\/en\/"},{"@type":"ListItem","position":2,"name":"TAG DER CLUBKULTUR Photography"}]},{"@type":"WebSite","@id":"https:\/\/2022.tagderclubkultur.berlin\/en\/#website","url":"https:\/\/2022.tagderclubkultur.berlin\/en\/","name":"TAG DER CLUBKULTUR","description":"","potentialAction":[{"@type":"SearchAction","target":{"@type":"EntryPoint","urlTemplate":"https:\/\/2022.tagderclubkultur.berlin\/en\/?s={search_term_string}"},"query-input":{"@type":"PropertyValueSpecification","valueRequired":true,"valueName":"search_term_string"}}],"inLanguage":"de"}]}},"grid":"{\r\n  \"colCount\": 10,\r\n  \"colGutter\": 1,\r\n  \"rowGutters\": [\r\n    5\r\n  ],\r\n  \"frameMargin\": 1,\r\n  \"topFrameMargin\": 200,\r\n  \"bottomFrameMargin\": 5,\r\n  \"rowAttrs\": [\r\n    {},\r\n    {}\r\n  ],\r\n  \"bgColor\": null,\r\n  \"cont\": [\r\n    {\r\n      \"type\": \"text\",\r\n      \"cont\": \"<p class=\\\"_BIG\\\"><span style=\\\"color: #ffffff;\\\">TAG DER CLUBKULTUR PHOTOGRAPHY<\/span><\/p>\",\r\n      \"align\": \"top\",\r\n      \"row\": 0,\r\n      \"col\": 0,\r\n      \"colspan\": 5,\r\n      \"offsetx\": 0,\r\n      \"offsety\": 0,\r\n      \"spaceabove\": 0,\r\n      \"spacebelow\": 0,\r\n      \"yvel\": 1,\r\n      \"push\": 0,\r\n      \"relid\": 4\r\n    },\r\n    {\r\n      \"type\": \"text\",\r\n      \"cont\": \"<p class=\\\"_Mono\\\">Wir dokumentieren Eure Veranstaltungen so sensibel, vorsichtig und unaufdringlich wie m\u00f6glich, ohne gro\u00dfe Kameras und Ausleuchten, immer mit Consent der Beteiligten. Die Dokumentation dient einerseits der Einhaltung der F\u00f6rderrichtlinien und andererseits der Sichtbarkeit der Berliner Clubkultur. Das Material steht Euch dann auch zur Verf\u00fcgung.<br \/>F\u00fcr die Koordination ben\u00f6tigen wir eine:n Ansprechpartner:in mit Telefonnummer vor Ort und bestenfalls einen Vorschlag Eurerseits, zu welchem Zeitpunkt Eure Veranstaltung bestm\u00f6glich dokumentiert werden kann.<\/p><p>\u00a0<\/p><p class=\\\"_Mono\\\">We document your events as sensitively, carefully and discretely as possible, without large cameras and lighting, always with the consent of those involved. The documentation serves on the one hand to comply with the funding guidelines and on the other hand to make Berlin's club culture more visible. For the coordination we need a contact person with a phone number on site and at best a suggestion from you, at which time your event can be documented in the best possible way.<\/p><p class=\\\"_Mono\\\">\u00a0<\/p><p class=\\\"_Mono\\\">\u00a0<\/p><p class=\\\"_Mono\\\"><br style=\\\"font-weight: 400;\\\" \/><br style=\\\"font-weight: 400;\\\" \/><br \/><\/p>\",\r\n      \"align\": \"top\",\r\n      \"row\": 1,\r\n      \"col\": 0,\r\n      \"colspan\": 5,\r\n      \"offsetx\": 0,\r\n      \"offsety\": 0,\r\n      \"spaceabove\": 0,\r\n      \"spacebelow\": 0,\r\n      \"yvel\": 1,\r\n      \"push\": 0,\r\n      \"relid\": 43\r\n    },\r\n    {\r\n      \"type\": \"shortcode\",\r\n      \"cont\": \"[ninja_form id=9]\",\r\n      \"align\": \"top\",\r\n      \"row\": 1,\r\n      \"col\": 5,\r\n      \"colspan\": 5,\r\n      \"offsetx\": 0,\r\n      \"offsety\": 0,\r\n      \"spaceabove\": 0,\r\n      \"spacebelow\": 0,\r\n      \"yvel\": 1,\r\n      \"push\": 0,\r\n      \"relid\": 23,\r\n      \"shortcodeid\": 1664468404043\r\n    }\r\n  ]\r\n}","phonegrid":"","_links":{"self":[{"href":"https:\/\/2022.tagderclubkultur.berlin\/en\/wp-json\/wp\/v2\/pages\/2319","targetHints":{"allow":["GET"]}}],"collection":[{"href":"https:\/\/2022.tagderclubkultur.berlin\/en\/wp-json\/wp\/v2\/pages"}],"about":[{"href":"https:\/\/2022.tagderclubkultur.berlin\/en\/wp-json\/wp\/v2\/types\/page"}],"author":[{"embeddable":true,"href":"https:\/\/2022.tagderclubkultur.berlin\/en\/wp-json\/wp\/v2\/users\/1"}],"replies":[{"embeddable":true,"href":"https:\/\/2022.tagderclubkultur.berlin\/en\/wp-json\/wp\/v2\/comments?post=2319"}],"version-history":[{"count":0,"href":"https:\/\/2022.tagderclubkultur.berlin\/en\/wp-json\/wp\/v2\/pages\/2319\/revisions"}],"wp:attachment":[{"href":"https:\/\/2022.tagderclubkultur.berlin\/en\/wp-json\/wp\/v2\/media?parent=2319"}],"curies":[{"name":"wp","href":"https:\/\/api.w.org\/{rel}","templated":true}]}}

{
  "colCount": 10,
  "colGutter": 1,
  "rowGutters": [
    5
  ],
  "frameMargin": 1,
  "topFrameMargin": 200,
  "bottomFrameMargin": 5,
  "rowAttrs": [
    {},
    {}
  ],
  "bgColor": null,
  "cont": [
    {
      "type": "text",
      "cont": "<p class=\"_BIG\"><span style=\"color: #ffffff;\">TAG DER CLUBKULTUR PHOTOGRAPHY</span></p>",
      "align": "top",
      "row": 0,
      "col": 0,
      "colspan": 5,
      "offsetx": 0,
      "offsety": 0,
      "spaceabove": 0,
      "spacebelow": 0,
      "yvel": 1,
      "push": 0,
      "relid": 4
    },
    {
      "type": "text",
      "cont": "<p class=\"_Mono\">Wir dokumentieren Eure Veranstaltungen so sensibel, vorsichtig und unaufdringlich wie möglich, ohne große Kameras und Ausleuchten, immer mit Consent der Beteiligten. Die Dokumentation dient einerseits der Einhaltung der Förderrichtlinien und andererseits der Sichtbarkeit der Berliner Clubkultur. Das Material steht Euch dann auch zur Verfügung.<br />Für die Koordination benötigen wir eine:n Ansprechpartner:in mit Telefonnummer vor Ort und bestenfalls einen Vorschlag Eurerseits, zu welchem Zeitpunkt Eure Veranstaltung bestmöglich dokumentiert werden kann.</p><p> </p><p class=\"_Mono\">We document your events as sensitively, carefully and discretely as possible, without large cameras and lighting, always with the consent of those involved. The documentation serves on the one hand to comply with the funding guidelines and on the other hand to make Berlin's club culture more visible. For the coordination we need a contact person with a phone number on site and at best a suggestion from you, at which time your event can be documented in the best possible way.</p><p class=\"_Mono\"> </p><p class=\"_Mono\"> </p><p class=\"_Mono\"><br style=\"font-weight: 400;\" /><br style=\"font-weight: 400;\" /><br /></p>",
      "align": "top",
      "row": 1,
      "col": 0,
      "colspan": 5,
      "offsetx": 0,
      "offsety": 0,
      "spaceabove": 0,
      "spacebelow": 0,
      "yvel": 1,
      "push": 0,
      "relid": 43
    },
    {
      "type": "shortcode",
      "cont": "[ninja_form id=9]",
      "align": "top",
      "row": 1,
      "col": 5,
      "colspan": 5,
      "offsetx": 0,
      "offsety": 0,
      "spaceabove": 0,
      "spacebelow": 0,
      "yvel": 1,
      "push": 0,
      "relid": 23,
      "shortcodeid": 1664468404043
    }
  ]
}
